{"id":2,"date":"2023-11-22T18:39:10","date_gmt":"2023-11-22T18:39:10","guid":{"rendered":"http:\/\/poliformod.pl\/?page_id=2"},"modified":"2023-11-27T21:08:47","modified_gmt":"2023-11-27T21:08:47","slug":"sample-page","status":"publish","type":"page","link":"https:\/\/poliformod.pl\/index.php\/sample-page\/","title":{"rendered":"O nas"},"content":{"rendered":"\n<p>Firma jest rezultatem wielu przemy\u015ble\u0144, po\u0142\u0105cze\u0144 pomys\u0142\u00f3w oraz odpowiedzi\u0105 na pytanie, w jaki spos\u00f3b wykorzysta\u0107 zgromadzone przez lata do\u015bwiadczenie zawodowe wsp\u00f3lnik\u00f3w.<\/p>\n\n\n\n<p>Do\u015bwiadczenie, kt\u00f3re posiadamy zdobywali\u015bmy przez 30 lat, w tym czasie wykonali\u015bmy oko\u0142o 9,5 tys. projekt\u00f3w dla klient\u00f3w indywidualnych i mi\u0119dzynarodowych korporacji o \u015bwiatowym zasi\u0119gu.<\/p>\n\n\n\n<p>Realizacja naszych projekt\u00f3w zaczyna si\u0119 od pomys\u0142u, sposobu jego wykonania, do osi\u0105gni\u0119cia efektu ko\u0144cowego wraz z przygotowaniem modelu, formy, wyrobu. Po wykonaniu, wyr\u00f3b poddawany by\u0142 badaniom laboratoryjnym takim jak: badanie wytrzyma\u0142o\u015bci mechanicznej, chemicznej i termicznej.<\/p>\n\n\n\n<p>Do\u015bwiadczenie uzyskali\u015bmy pracuj\u0105c przy produkcji wyrob\u00f3w sanitarnych i kuchennych &#8211; w technologii odlewania konglomeratu \u017cywicznego, wprowadzeniu rozwi\u0105za\u0144 przy budowie modeli , form odlewniczych, po produkcj\u0119 gotowego wyrobu.<\/p>\n\n\n\n<p>Przez lata wykonywali\u015bmy modele, formy do laminowania kontaktowego oraz laminowania metod\u0105 worka pr\u00f3\u017cniowego.<\/p>\n\n\n\n<p>Modele wykonujemy metod\u0105 tradycyjn\u0105 &#8211; r\u0119czn\u0105, (to jest nasz know-how), robimy &#8220;co\u015b z niczego&#8221;, a tak\u017ce u\u017cywamy frezowania CNC.<\/p>\n\n\n\n<p>Wykonujemy modele i formy dla bran\u017cy budowlanej &#8211; urz\u0105dzenia sanitarne i kuchenne , bran\u017cy motoryzacyjnej &#8211; elementy do kamper\u00f3w, koniowoz\u00f3w, samochod\u00f3w dostawczych (w tym zderzaki , owiewki, grille, kabiny sypialniane), budujemy \u0142odzie wios\u0142owe, canoe, kajaki, rowery wodne. Dodatkowo wykonujemy r\u00f3\u017cne wyroby dla firm reklamowych- s\u0142upy, graniastos\u0142upy reklamowe, itp., oraz artyku\u0142y pogrzebowe: urny na prochy, wazony.<\/p>\n","protected":false},"excerpt":{"rendered":"<p>Firma jest rezultatem wielu przemy\u015ble\u0144, po\u0142\u0105cze\u0144 pomys\u0142\u00f3w oraz odpowiedzi\u0105 na<\/p>\n","protected":false},"author":1,"featured_media":0,"parent":0,"menu_order":0,"comment_status":"closed","ping_status":"open","template":"","meta":{"footnotes":""},"class_list":["post-2","page","type-page","status-publish","hentry"],"_links":{"self":[{"href":"https:\/\/poliformod.pl\/index.php\/wp-json\/wp\/v2\/pages\/2","targetHints":{"allow":["GET"]}}],"collection":[{"href":"https:\/\/poliformod.pl\/index.php\/wp-json\/wp\/v2\/pages"}],"about":[{"href":"https:\/\/poliformod.pl\/index.php\/wp-json\/wp\/v2\/types\/page"}],"author":[{"embeddable":true,"href":"https:\/\/poliformod.pl\/index.php\/wp-json\/wp\/v2\/users\/1"}],"replies":[{"embeddable":true,"href":"https:\/\/poliformod.pl\/index.php\/wp-json\/wp\/v2\/comments?post=2"}],"version-history":[{"count":3,"href":"https:\/\/poliformod.pl\/index.php\/wp-json\/wp\/v2\/pages\/2\/revisions"}],"predecessor-version":[{"id":67,"href":"https:\/\/poliformod.pl\/index.php\/wp-json\/wp\/v2\/pages\/2\/revisions\/67"}],"wp:attachment":[{"href":"https:\/\/poliformod.pl\/index.php\/wp-json\/wp\/v2\/media?parent=2"}],"curies":[{"name":"wp","href":"https:\/\/api.w.org\/{rel}","templated":true}]}}