{"id":3,"date":"2023-11-21T07:37:23","date_gmt":"2023-11-21T07:37:23","guid":{"rendered":"http:\/\/poliformod.pl\/?page_id=3"},"modified":"2023-12-06T08:22:45","modified_gmt":"2023-12-06T08:22:45","slug":"privacy-policy","status":"publish","type":"page","link":"https:\/\/poliformod.pl\/index.php\/privacy-policy\/","title":{"rendered":"Polityka prywatno\u015bci"},"content":{"rendered":"\n<p><\/p>\n\n\n\n<p> Polityka prywatno\u015bci nie stanowi w pe\u0142ni uniwersalnego dokumentu i wymaga dostosowania w zale\u017cno\u015bci od stosowanych przez Administratora narz\u0119dzi i rozwi\u0105za\u0144, a tak\u017ce w zakresie cel\u00f3w przetwarzania <\/p>\n\n\n\n<p><strong>I Postanowienia og\u00f3lne<\/strong> <\/p>\n\n\n\n<p>1. Niniejsza Polityka ochrony prywatno\u015bci okre\u015bla spos\u00f3b zbierania, przetwarzania i przechowywania danych osobowych koniecznych do \u015bwiadczenia us\u0142ug drog\u0105 elektroniczn\u0105 za po\u015brednictwem serwisu internetowego w domenie poliformod.pl (dalej: Serwis).<\/p>\n\n\n\n<p>2. Administratorem danych osobowych U\u017cytkownik\u00f3w jest Poliformod s.c. (dalej: Administrator). <\/p>\n\n\n\n<p>3. Dane osobowe przetwarzane s\u0105 zgodnie z Rozporz\u0105dzeniem Parlamentu Europejskiego i Rady (UE) 2016\/679 z dnia 27 kwietnia 2016 r. w sprawie ochrony os\u00f3b fizycznych w zwi\u0105zku z przetwarzaniem danych osobowych i w sprawie swobodnego przep\u0142ywu takich danych oraz uchylenia dyrektywy 95\/46\/WE (og\u00f3lne rozporz\u0105dzenie o ochronie danych) (dalej: RODO). <\/p>\n\n\n\n<p>4. Zbierane przez Administratora dane b\u0119d\u0105: \u2013 przetwarzane zgodnie z prawem, \u2013 przetwarzane w wyra\u017anie okre\u015blonych celach i niepoddawane dalszemu przetwarzaniu niezgodnemu z tymi celami, \u2013 merytorycznie poprawne i adekwatne w stosunku do cel\u00f3w, w jakich s\u0105 przetwarzane, \u2013 przechowywane nie d\u0142u\u017cej ni\u017c jest to niezb\u0119dne do osi\u0105gni\u0119cia celu przetwarzania. <\/p>\n\n\n\n<p><strong>II. Cel i podstawy prawne przetwarzania danych<\/strong> <\/p>\n\n\n\n<p>1. Administrator przetwarza dane osobowe niezb\u0119dne do \u015bwiadczenia i rozwoju oferowanych us\u0142ug dost\u0119pnych za po\u015brednictwem Serwisu oraz poszczeg\u00f3lnych jego funkcjonalno\u015bci. <\/p>\n\n\n\n<p>2. Dane osobowe przetwarzane b\u0119d\u0105 w nast\u0119puj\u0105cych celach: <\/p>\n\n\n\n<p>a. rejestracji konta, weryfikacji to\u017csamo\u015bci U\u017cytkownika oraz realizacji umowy o \u015bwiadczeniu us\u0142ug drog\u0105 elektroniczn\u0105 zgodnie z ustaw\u0105 z dnia 18 lipca 2002 r. o \u015bwiadczeniu us\u0142ug drog\u0105 elektroniczn\u0105, w tym w szczeg\u00f3lno\u015bci poprzez zapewnienie mo\u017cliwo\u015bci korzystania z konta U\u017cytkownika \u2013 na podstawie akceptacji warunk\u00f3w Regulaminu (art. 6 ust. 1 lit. b RODO); <\/p>\n\n\n\n<p>b. komunikacji z U\u017cytkownikiem w celu dostarczeniu mu niezb\u0119dnych informacji oraz budowania pozytywnych i rzetelnych relacji z Nim, co stanowi prawnie uzasadniony interes Administratora (art. 6 ust. 1 lit. f RODO); <\/p>\n\n\n\n<p>c. promowania przez Administratora produkt\u00f3w i\/lub us\u0142ug w\u0142asnych oraz swoich Partner\u00f3w poprzez kierowanie drog\u0105 elektroniczn\u0105 Informacji marketingowych (newsletter) o ile U\u017cytkownik wyrazi\u0142 zgod\u0119 na otrzymywanie takich powiadomie\u0144 za po\u015brednictwem e-mail (art. 6 ust. 1 lit. a RODO); <\/p>\n\n\n\n<p>d. udzielenia dost\u0119pu do informacji o nowo\u015bciach z bran\u017cy bezpo\u015brednio powi\u0105zanej z dzia\u0142alno\u015bci\u0105 Administratora, o ile U\u017cytkownik wyrazi\u0142 zgod\u0119 na otrzymywanie takich powiadomie\u0144 za po\u015brednictwem e-mail (art. 6 ust. 1 lit. a RODO), <\/p>\n\n\n\n<p>e. w celach analitycznych i statystycznych na podstawie prawnie uzasadnionego interesu Administratora polegaj\u0105cego na prowadzeniu weryfikacji aktywno\u015bci U\u017cytkownik\u00f3w i ich preferencji dla optymalizacji us\u0142ug i produkt\u00f3w oraz stosowanych funkcjonalno\u015bci Serwisu (art. 6 ust. 1 lit. f RODO); <\/p>\n\n\n\n<p>f. ewentualnego ustalenia, dochodzenia roszcze\u0144 lub obrony przed nimi na podstawie prawnie uzasadnionego interesu Administratora polegaj\u0105cego na ochronie jej praw (art. 6 ust. 1 lit. f RODO). <\/p>\n\n\n\n<p>3. W ka\u017cdym z wymienionych powy\u017cej przypadk\u00f3w (ust 2) podanie danych jest dobrowolne, jednak konieczne do zawarcia umowy lub skorzystania z innych funkcjonalno\u015bci Serwisu. <\/p>\n\n\n\n<p><strong>III. Okres przetwarzania danych osobowych<\/strong> <\/p>\n\n\n\n<p>1. Dane osobowe b\u0119d\u0105 przetwarzane przez okres, w kt\u00f3rym osoba pozostaje aktywnym U\u017cytkownikiem Serwisu (posiada konto U\u017cytkownika), a po tym czasie przez okres niezb\u0119dny do zachowania zgodno\u015bci z przepisami prawa, dochodzenia lub obrony przed ewentualnymi roszczeniami, jednak nie d\u0142u\u017cej ni\u017c 3 lat liczone od dnia rozwi\u0105zania umowy o \u015bwiadczeniu us\u0142ug drog\u0105 elektroniczn\u0105. <\/p>\n\n\n\n<p>2. Dane przetwarzane na podstawie zgody b\u0119d\u0105 przetwarzane do czasu wycofania udzielonej zgody z zastrze\u017ceniem, \u017ce wycofanie tej zgody nie ma wp\u0142ywu na zgodno\u015b\u0107 przetwarzania danych, kt\u00f3rego dokonano przed tym wycofaniem. <\/p>\n\n\n\n<p><strong>IV. Informacje o przetwarzaniu<\/strong> <\/p>\n\n\n\n<p>1. Dane osobowe w zale\u017cno\u015bci od celu przetwarzania mog\u0105 zosta\u0107 ujawnione: a. podmiotom powi\u0105zanym z Administratorem b. podmiotom wsp\u00f3\u0142pracuj\u0105cym z Administratorem, c. podwykonawcom, w szczeg\u00f3lno\u015bci podmiotom dostarczaj\u0105cym i obs\u0142uguj\u0105cym wybrane systemy i rozwi\u0105zania informatyczne, d. podmiotom obs\u0142uguj\u0105cym p\u0142atno\u015bci internetowe, e. podmiotom \u015bwiadcz\u0105cym us\u0142ugi kuriersko-pocztowe, f. kancelariom prawnym. <\/p>\n\n\n\n<p>2. Dane osobowe przetwarzane przez Administratorem, nie b\u0119d\u0105\/b\u0119d\u0105 przekazywane poza Europejski Obszar Gospodarczy ani do organizacji mi\u0119dzynarodowych. <\/p>\n\n\n\n<p><strong>V. Prawa os\u00f3b, kt\u00f3rych dane dotycz\u0105<\/strong> <\/p>\n\n\n\n<p>1. U\u017cytkownik Serwisu ma prawo: &#8211; dost\u0119pu do tre\u015bci swoich danych osobowych &#8211; sprostowania danych &#8211; usuni\u0119cia danych &#8211; ograniczenia przetwarzania danych &#8211; przenoszenia danych &#8211; wniesienia sprzeciwu wobec przetwarzania odbywaj\u0105cego si\u0119 na podstawie prawienie usprawiedliwionego interesu administratora &#8211; wycofania zgody w dowolnym momencie bez wp\u0142ywu na zgodno\u015b\u0107 z prawem przetwarzania, kt\u00f3rego dokonano na podstawie tej zgody przed jej wycofaniem <\/p>\n\n\n\n<p>2. U\u017cytkownik ma prawo do wniesienia skargi do Prezesa Urz\u0119du Ochrony Danych Osobowych w sytuacji, w kt\u00f3rej uzna, \u017ce przetwarzanie narusza jego prawa i wolno\u015bci. <\/p>\n\n\n\n<p>3. W procesie przetwarzania danych nie dochodzi do zautomatyzowanego podejmowania decyzji w tym do profilowania. <\/p>\n\n\n\n<p><strong>VI. Postanowienia ko\u0144cowe<\/strong> <\/p>\n\n\n\n<p>1. Administrator zastrzega sobie prawo do wprowadzenia zmian w niniejszej Polityce prywatno\u015bci jednocze\u015bnie zapewnia, \u017ce prawa U\u017cytkownik\u00f3w wynikaj\u0105ce z niniejszego dokumenty nie zostan\u0105 ograniczone. <\/p>\n\n\n\n<p>2. O wszelkich zmiana w Polityce prywatno\u015bci U\u017cytkownik zostanie poinformowany poprzez komunikat dost\u0119pny w Serwisie.<\/p>\n","protected":false},"excerpt":{"rendered":"<p>Polityka prywatno\u015bci nie stanowi w pe\u0142ni uniwersalnego dokumentu i wymaga<\/p>\n","protected":false},"author":1,"featured_media":0,"parent":0,"menu_order":0,"comment_status":"closed","ping_status":"open","template":"","meta":{"footnotes":""},"class_list":["post-3","page","type-page","status-publish","hentry"],"_links":{"self":[{"href":"https:\/\/poliformod.pl\/index.php\/wp-json\/wp\/v2\/pages\/3","targetHints":{"allow":["GET"]}}],"collection":[{"href":"https:\/\/poliformod.pl\/index.php\/wp-json\/wp\/v2\/pages"}],"about":[{"href":"https:\/\/poliformod.pl\/index.php\/wp-json\/wp\/v2\/types\/page"}],"author":[{"embeddable":true,"href":"https:\/\/poliformod.pl\/index.php\/wp-json\/wp\/v2\/users\/1"}],"replies":[{"embeddable":true,"href":"https:\/\/poliformod.pl\/index.php\/wp-json\/wp\/v2\/comments?post=3"}],"version-history":[{"count":2,"href":"https:\/\/poliformod.pl\/index.php\/wp-json\/wp\/v2\/pages\/3\/revisions"}],"predecessor-version":[{"id":74,"href":"https:\/\/poliformod.pl\/index.php\/wp-json\/wp\/v2\/pages\/3\/revisions\/74"}],"wp:attachment":[{"href":"https:\/\/poliformod.pl\/index.php\/wp-json\/wp\/v2\/media?parent=3"}],"curies":[{"name":"wp","href":"https:\/\/api.w.org\/{rel}","templated":true}]}}